Suppose -8*c + 199 = -4*c - 5*t, -4*c = -2*t - 190. Calculate the greatest common divisor of c and 115.
23
Let x be ((-16)/(-20))/((-2)/(-30)). Calculate the highest common factor of x and 9.
3
Suppose 3*b - 4*b = 0. Suppose -2*n + b*n = 5*s - 11, -3*n - 4*s + 20 = 0. What is the highest common divisor of n and 56?
8
Let p be 9/6*(-48)/(-9). Let i(y) = -y**3 - 3*y**2 - y - 1. Let t be i(-3). Let h be (-53)/(-1) + t + 1. Calculate the greatest common factor of p and h.
8
Let w(v) = v**2 - 25*v - 7. Let d(t) = -8*t - 2. Let r(s) = -7*d(s) + 2*w(s). Let f be r(-4). Calculate the highest common factor of f and 2.
2
Let m be 76/2 + (-6)/(-3). Suppose -6*x + m = -x. What is the greatest common divisor of 2 and x?
2
Let n(b) = 5*b. Let g be n(2). Let y be (12/g)/(4/30). What is the greatest common factor of 63 and y?
9
Let n(r) = 59*r**3 + 2*r**2 - 1. Let u be n(1). What is the highest common divisor of 40 and u?
20
Let g = -15 - -24. What is the highest common factor of g and 99?
9
Suppose -3*t + 44 = t. Let b be -10 - -4*1/2. Let h = 3 - b. What is the highest common factor of h and t?
11
Suppose 4*w = 5*g - 160, -64 = -g - g + 5*w. What is the highest common factor of g and 48?
16
Let n be 20/25*325/5. What is the highest common divisor of 104 and n?
52
Let p = 3 - 0. Suppose -5*d - p*m = -236 - 251, 5*m = d - 103. Suppose 3*c - d = 1. Calculate the greatest common divisor of c and 22.
11
Suppose 0 = 2*k - 4 - 2. Suppose k*h - 7*h = 0. Suppose -z + 1 = g - 6, h = 5*z - 10. What is the highest common divisor of 10 and g?
5
Let i be 0 - 59 - (-9)/3. Let x = 107 + i. What is the greatest common factor of x and 17?
17
Let x = -58 + 97. Calculate the greatest common divisor of 65 and x.
13
Suppose 2*r = -2*q - 12, 0*q = 5*q + 3*r + 30. Let c = -4 - q. Suppose -2*m = c*l - 26, 0 = -4*m - 1 - 3. Calculate the greatest common divisor of 7 and l.
7
Suppose y - 13 = -4. Calculate the highest common divisor of 9 and y.
9
Let o be (-270)/(-2) + -2 + 1. Let r(m) = -2*m**2 + 3*m - 3. Let y be r(5). Let p = y + o. Calculate the greatest common factor of 12 and p.
12
Let b be 1/((2 - 1)*-1). Let o be (0 - b/(-2))*-16. What is the highest common divisor of 2 and o?
2
Let c(l) = 3*l - 13. Let q be c(8). What is the highest common factor of 99 and q?
11
Suppose -2*t + 59 = -85. Calculate the greatest common factor of t and 8.
8
Let y be ((-156)/2)/(9/(-12)). Suppose -4*f + 52 + y = 0. Calculate the greatest common factor of 13 and f.
13
Let a be ((-2)/4)/((-3)/564). Let w = a + -54. Calculate the greatest common factor of 10 and w.
10
Let p(l) = 4*l**2 + 3*l + 1. Let c be p(4). What is the highest common factor of 7 and c?
7
Let z be 4*(93/(-4))/(-3). Let v = z + -8. Let p be ((-1)/(-2))/((-2940)/1472 + 2). Calculate the highest common divisor of v and p.
23
Suppose m + 38 = 39. Let h = 0 + 2. What is the highest common factor of h and m?
1
Let h = 235 + -160. Calculate the greatest common divisor of 30 and h.
15
Let y(n) be the second derivative of n**3/2 - 3*n**2/2 + 2*n. Let k be y(6). Calculate the highest common divisor of k and 90.
15
Suppose -5*n = -0*n - 120. Let o(f) = -f + 8. Let d be o(6). Suppose 0*y - n = -d*y. What is the highest common factor of y and 18?
6
Let h be -3*(0 - 16/6). Let f(z) = -4*z + 8. Let u be f(-12). Calculate the highest common divisor of u and h.
8
Suppose 0 = w - 2, f + w + 3*w = -90. Let t = f - -158. Calculate the highest common divisor of 12 and t.
12
Suppose 30 + 12 = -2*h. Let r = 15 + h. Let n be (-12)/(-5)*(-40)/r. Calculate the greatest common divisor of 32 and n.
16
Let j(m) = -17*m + 1. Let g be j(3). Let b = g - -113. What is the highest common factor of 7 and b?
7
Let q = -24 + 42. What is the highest common factor of 162 and q?
18
Let c = 11 - -1. Suppose -u - 2*u = -201. Let j = u + 41. What is the highest common factor of j and c?
12
Let a be (-2)/(-9) - (-4670)/45. What is the greatest common divisor of 13 and a?
13
Let c(u) = u**2 - 10*u + 11. Let o be c(9). Suppose o*s - 532 = -1714. Let i be s/(-12) + (-1)/4. Calculate the greatest common factor of i and 7.
7
Let a be 222/9 + 1/3. Suppose -5*h - 25 = -0*h - 5*u, -5*h = 5*u + a. Let s = h + 6. What is the greatest common factor of s and 1?
1
Let c(f) = 2*f**2 - 10*f + 3. Let r be c(5). Calculate the greatest common factor of r and 3.
3
Let d be (2 - 4)/(2/(-4)). Suppose -6*m + 212 = -2*m. Suppose -3*k - 5*w + m = 0, 0*w = w - 1. Calculate the greatest common divisor of d and k.
4
Let p = -21 + 49. Let z = p - -53. What is the greatest common factor of 9 and z?
9
Let m(c) = c**2 - 4*c - 2. Let b be (7 - 1)*4/(-6). Let q be m(b). What is the greatest common divisor of 15 and q?
15
Suppose -2*t + 3*q = -547, -5*q - 1572 = -5*t - 202. Let s(v) = v**3 - 5*v**2 + 6*v - 5. Let r be s(5). Calculate the highest common factor of r and t.
25
Let d = -5 + 0. Suppose 5*g + 5*b - 55 = 0, -5*g + 27 = b - 12. Let p = d + g. What is the highest common factor of 1 and p?
1
Let h be -10*(-1)/(2/7). Let n be ((6 + -13)/21)/(1/(-15)). Calculate the greatest common factor of h and n.
5
Let v(q) = -3*q**3 + 2*q + 1. Let y be v(-1). Suppose -2*d + 48 = y*d. Calculate the greatest common factor of d and 12.
12
Suppose 244 + 1471 = 7*y. What is the greatest common divisor of 35 and y?
35
Let j be (0 + 54)*1 + 1. Let c(r) = 3 + 3*r**3 - 3*r + r**2 + r - 2*r**3. Let b be c(2). Calculate the highest common divisor of b and j.
11
Suppose -z = 4*p - 3 + 14, 0 = -z + 3*p + 10. Let a(y) = y**3 + 4*y**2 - 2*y - 6. Let j be a(-4). What is the highest common divisor of z and j?
1
Let i be 6*(-5)/10 - -15. Let b be (-71)/(-4) + (-1)/(-4). Calculate the greatest common factor of b and i.
6
Suppose 2*j - 12 = 18. What is the greatest common divisor of j and 135?
15
Let r(v) = 26*v. Let p be r(6). What is the greatest common divisor of 26 and p?
26
Let a = -5 - -5. Suppose a = 4*m + f - 27, 9 + 0 = m + f. Suppose -3*k - m = -5*h - 45, -51 = -3*k + h. What is the highest common divisor of k and 2?
2
Let p(m) = -m**3 - 5*m**2 - 9*m - 10. Let t be p(-5). What is the highest common factor of t and 14?
7
Let m be -6*((-3)/12)/(3/12). What is the highest common factor of 2 and m?
2
Let n be 2/3 + 208/3. Let q(k) = -k + 28. Let l be q(0). Calculate the greatest common factor of n and l.
14
Suppose 3*x - 75 = 3*z - 30, -25 = -5*x - 5*z. Calculate the highest common divisor of x and 40.
10
Let o = -24 - -28. Let z = -5 + 29. What is the greatest common factor of z and o?
4
Let x(q) = 6*q - 2*q**2 - 9*q - 6 + 3*q**2 + 13. Let g be x(6). Calculate the greatest common factor of g and 25.
25
Let d = 6 + 34. Suppose 5*i - 6 = 4*i + 2*x, 25 = 5*x. Calculate the highest common divisor of i and d.
8
Let f = 131 + -88. Suppose -53 = -o + f. What is the greatest common divisor of o and 12?
12
Let v be 4/12 + (-19)/3. Let d(f) = -f**3 - 6*f**2 - 7*f - 9. Let z be d(v). What is the greatest common factor of z and 11?
11
Let w(g) = g**2 + 4*g + 5. Let x be w(-4). Suppose -3*j = -2*j - x. Suppose v + 4 - 7 = -j*n, n = 4*v + 9. What is the highest common factor of n and 7?
1
Let j be (-106)/(-6) + 8/(-12). What is the greatest common factor of j and 68?
17
Suppose -4*o = 4*z - 28, -3*o - 4 = -7. Calculate the highest common divisor of z and 6.
6
Let j(y) = y**3 + 13*y**2 + 21*y - 4. Let c be j(-11). What is the highest common factor of c and 56?
7
Suppose 0 + 4 = a. Let p = 6 - a. Let l be 1 + 2/1 + p. What is the greatest common divisor of l and 5?
5
Suppose 5*h = 4 - 54. Let r be (-10)/25 + (-74)/h. Let c = 20 - r. What is the greatest common divisor of c and 91?
13
Let m be (-3)/12 + (-47)/4. Let h be -4*(-1)/((-4)/m). Calculate the highest common factor of h and 4.
4
Let r = 9 - 6. Suppose m + 5*h = -17, 2*m + m + r*h = -3. Let j = 6 + -4. What is the greatest common factor of m and j?
1
Let d = -18 - -33. What is the greatest common factor of 10 and d?
5
Suppose -2*z = -o - 7, 3*z - 3*o + o - 9 = 0. Suppose k + 165 = z*h, -3*h = 2*h + 4*k - 140. What is the greatest common factor of h and 4?
4
Let i be (-3)/(-12) - 124/(-16). What is the highest common divisor of 64 and i?
8
Suppose 0 = 2*a + 3*t - 26, -42 = -3*a - a - t. Let j be (10 - 16)*(-1 + -4). Calculate the highest common divisor of j and a.
10
Let d = 75 - 